5*r + 35 = -f*h + h. Is r - -1 - (-555 + -4) a composite number?
False
Let n(j) = -7*j**3 + j + 1. Let z be (-2 - -9)*(-4)/(-14). Suppose -5*c - h - 5 = 0, 0 = -4*c + 2*h - 16 - z. Is n(c) a composite number?
True
Suppose -710 = k - 124. Let c = 87 - k. Is c composite?
False
Let q(w) = 2*w**3 + 53*w**2 + 22*w + 35. Is q(-22) a prime number?
True
Let j = 15016 - 6663. Is j composite?
False
Suppose -3*x - 4 = -145. Let r be (1*-7)/((-21)/(-105)). Let c = x - r. Is c composite?
True
Let o(k) be the third derivative of -19*k**4/8 - 5*k**3/6 + 32*k**2. Is o(-6) a composite number?
False
Suppose 5*x + 3*g = -1379 - 904, 3*x + 1373 = -g. Let d = 682 + x. Is d a composite number?
False
Let r = -18698 + -4812. Is (-11)/(-44) + r/(-8) a prime number?
True
Let j = -15051 - -35732. Is j prime?
True
Let y = 75883 + -26074. Is y prime?
False
Suppose -3*b - 4*j = -3223 + 972, 5*b = -j + 3746. Is b a composite number?
True
Let d(t) = -104*t + 2. Let h be d(5). Let g = 1004 + h. Let y = 895 - g. Is y a prime number?
True
Let u(p) = 68*p**3 + 13*p**2 - p + 2. Let k(j) = 34*j**3 + 7*j**2 - j + 1. Let x = -12 + 17. Let r(d) = x*k(d) - 3*u(d). Is r(-3) a prime number?
True
Let b(p) = -p**2 + 8*p - 6. Let y(q) = 3*q - 32. Let f be y(13). Let n be b(f). Is n - (-180 - 0)/4 a composite number?
True
Let n = 125 + -229. Let u = -37 - n. Is u a composite number?
False
Suppose 126 + 494 = 4*j. Let a = -104 + j. Is a a prime number?
False
Let j = -379 + 269. Let s = 184 + j. Let m = s - 37. Is m a prime number?
True
Suppose 7*i - 3*i - 13 = 5*o, 4*o = 5*i - 23. Let s be (-35)/i*2/2. Is 6*((-470)/4)/s prime?
False
Suppose m - 3 - 1 = -q, -5*m = q - 4. Suppose m = 4*h - 5763 + 2079. Is h composite?
True
Let r(i) = 3573*i**3 + 4*i + 3. Let h be r(-1). Let t = h - -5103. Is t prime?
False
Suppose d - 655 - 722 = 4*x, 5*x + 20 = 0. Is d composite?
False
Let q(l) = -l**3 - l**2 + 6. Let s be q(0). Suppose -s*k + 9288 = 30. Is k a composite number?
False
Is 27845/10*-1*-10 composite?
True
Let u be 29806/(-10) - 14/35. Let v = u - -4488. Is v prime?
False
Let t(z) be the first derivative of z**4/4 + 16*z**3/3 - 19*z**2/2 - 23*z + 14. Is t(-15) a composite number?
False
Suppose 20*s + 8842 = 22*s. Is s prime?
True
Let j be -1*2/4*-1076. Let q be (-3 - -2) + 2 + -1. Suppose -2*t + j = -q*t. Is t composite?
False
Is (-1)/((-1)/4) + (5996 - -29) a prime number?
True
Let k(w) = 2*w**3 - w**2 - w + 4. Let d be k(0). Let q be (-3)/(3/(-2) + 0). Suppose 0 = -d*x - 6 - 2, -4*x + 574 = q*s. Is s a prime number?
False
Suppose 4*f = 3*f + 3. Suppose -v = -2, 1953 = 3*s - 0*v - f*v. Is s composite?
False
Let l be (126/4)/7*-38. Let r = -425 - l. Is ((-2)/4)/(1/r) composite?
False
Let q(t) = -38*t. Let z be 8/(-5) + (-16)/40. Let r be q(z). Let o = 131 - r. Is o a prime number?
False
Let o(m) = m**3 + 13*m**2 - 3*m - 5. Let x be o(-9). Let c = -135 - -241. Suppose -c = -4*n + x. Is n composite?
False
Suppose 4*m - 57 = 2*v + 11, 5*m - v = 79. Suppose 5*b + m = 5*l, 5*l + 2*b - 3*b - 7 = 0. Is l/(9/159)*3 composite?
False
Is 2 + (-64)/8 - -1367 composite?
False
Suppose -12477 = -5*q + 3108. Is q a prime number?
False
Let c = 165 - 96. Let q = c + 58. Is q a composite number?
False
Suppose 11*h = 20*h - 19701. Is h prime?
False
Suppose -5*h - 4 = -64. Is 2/h - (50574/(-36) - 4) a prime number?
True
Let k(o) = 5*o**2 + 12*o + 50. Is k(-33) composite?
False
Suppose 0 + 21 = -7*d. Let o(m) = 140*m**2 + 2*m - 1. Is o(d) composite?
True
Let h = 2714 + 1335. Is h composite?
False
Suppose 3*z - 7861 = 4*b, -6811 - 6244 = -5*z - 5*b. Is z composite?
True
Let v(h) = -h**3 - 16*h**2 - 15*h + 1. Is v(-21) prime?
True
Let k = -2 - -6. Suppose -3*n = -k*n - 5. Let o = n + 12. Is o prime?
True
Suppose 0 = -5*q - 5*s + 35, -2*q + 4*s = -5*q + 17. Let n = 7 - q. Is n/(-2) - (-1105)/5 a composite number?
False
Let v = 3737 - 1032. Is v a prime number?
False
Let n = -77 - -80. Is -1 - (6/n - 256) composite?
True
Let h(b) = 30*b - 2. Let d be ((-5)/10)/(2/(-4)). Let n be h(d). Is n/(-6)*9/(-6) composite?
False
Is (1 + 6237)*3/6 composite?
False
Suppose 2*u = 2, 0 = 4*w - 27*u + 30*u - 25879. Is w a composite number?
False
Let r = 344 - 5. Let p = 562 - r. Is p a composite number?
False
Let c(i) = -i**3 - i**2 - 3*i - 3. Let q be 1 + -1 - 24/(-12). Let u be 50/(-20) + q/4. Is c(u) composite?
False
Let h(v) be the first derivative of -31*v**4/24 + 9*v**2/2 + 10. Let o(z) be the second derivative of h(z). Is o(-7) composite?
True
Suppose d + 2*k = 14052 + 343, 3*k = -9. Is d composite?
False
Suppose 0 = -5*m - 3*k - 24, 4*m + 3*k - 4*k = -9. Is -1 - ((m - -1) + 3) - -455 a composite number?
True
Let a be (-123)/(-12) - (-5)/(-20). Suppose -w - 4*w = a. Is (-1 + (-2 - w))*-293 prime?
True
Suppose 0 = -3*c - 3*y + 62178, -19633 = -5*c - 3*y + 84007. Is c prime?
True
Let h = 42 + -35. Is 14/49 - (-9679)/h composite?
True
Let g(v) be the second derivative of v**4/12 + 5*v**3/3 + 11*v**2/2 + 5*v. Let o be g(-9). Suppose 2*p - 74 = 4*a - 2*a, -o*a + 185 = 5*p. Is p prime?
True
Suppose -36 = 5*s - 251. Is (s/(-2))/((-663)/(-222) + -3) a composite number?
True
Let j be (-5)/(-10)*(-4)/(-1). Suppose p - 2511 = 4*g, 2*p - j*g + 0*g = 5022. Suppose 6297 = 6*s + p. Is s composite?
False
Let d(a) = 309*a**2 + 8*a + 27. Is d(-4) prime?
False
Suppose 5*s + 9 - 89 = 0. Let g = -13 + s. Suppose -1970 = 5*f - d - 9892, 0 = -4*f + g*d + 6331. Is f composite?
True
Is 7465 - (6/4)/((-42)/(-56)) a composite number?
True
Let o(a) be the first derivative of -39*a**2 - 5*a + 1. Suppose 6*b + 135 - 111 = 0. Is o(b) composite?
False
Let b(d) = 11*d**2 + 15*d - 15. Suppose -3*a = 2*m + 25, -m = -6*m - a - 56. Is b(m) a composite number?
False
Let l = 10 + -10. Let h be l - 392 - (-7 + 4). Is 8/4*h/(-2) prime?
True
Let o(i) = 2 + 2*i - i + i**3 - 31*i**3 - 2*i**2. Let t be (-104)/(-32) + -3 - (-26)/(-8). Is o(t) composite?
True
Let o(p) be the third derivative of p**6/120 + p**5/3 + 9*p**4/8 + 5*p**3/2 + 8*p**2. Is o(-18) a composite number?
True
Let k be (-11 - -16)*37*1. Suppose -z + k = -102. Is z a composite number?
True
Is (40/(-16))/((-14)/5348) composite?
True
Is 68/6*-29*(-24)/16 a prime number?
False
Let x = -7661 - -19620. Is x a composite number?
False
Let j be (-2)/(4/(-3))*-2. Let b be 0 - (-4 - j)*3. Suppose -3*m + 0*s - s = -916, 0 = 2*m + b*s - 613. Is m composite?
True
Let c = -271 - -1208. Is c prime?
True
Suppose 2130 = n + a - 5698, -5*n + 39146 = -a. Suppose -22937 + n = -12*x. Is x prime?
True
Suppose 3*g - 6 = 0, -4*g + 8 = 4*t + t. Suppose -5*n = -5, t*y + 3*y = 4*n - 394. Let m = 72 - y. Is m a composite number?
True
Let o(c) = c**3 - c**2 - 2*c + 3. Let z be o(2). Suppose -169 = z*r - 10. Is -9 + 10 + (1 - r) a prime number?
False
Let o = 296 - 422. Let f = o + 454. Let m = f - 201. Is m a composite number?
False
Suppose v = 5*i - 1143, 5*v - 909 = -4*i + 4*v. Let g = 438 - i. Suppose -156 = -2*x + 2*b, -3*b + g = 3*x - 0*x. Is x prime?
False
Let k be 1/2*(-1 + -1). Is k*(-33 + 4 + -4) a prime number?
False
Let o(w) = 162*w**3 - w + 2. Is o(3) a prime number?
True
Let h(l) = -l**3 + 8*l**2 - l + 13. Suppose 3*p - y + 28 = 6*p, p + 5*y = 28. Let i be h(p). Suppose -i*o + 9*o - 508 = 0. Is o prime?
True
Let u = 20706 + -5207. Is u a composite number?
True
Let z = 42118 - 23339. Is z a prime number?
False
Let f(b) = b + 15. Let s be f(-11). Suppose -z + 5285 = s*z. Is z composite?
True
Let j = 20113 - 12764. Is j prime?
True
Is (7574 - -1) + (2 - 4) prime?
True
Suppose 0 = 5*f - 5, 0 = 4*q + 4*f + 207 - 767. Is q composite?
False
Let r = -999 + 3013. Let o = -1125 + r. Is o a prime number?
False
Let t be 0*2/6 - 0. Suppose -x - q - 2*q + 1175 = 0, -q - 2 = t. Is x a composite number?
False
Let o be 19478*1/2*1. Suppose 3*v + o = 5*w, -w = -5*v - 413 - 1526. Is w a composite number?
False
Suppose 127916 = 4*n - 2*s, -9*n - 159909 = -14*n - s. Is n a prime number?
True
Let o = -9 - -11. Suppose o*y = 5*y - 1206. Suppose 0 = -0*q - 2*q + y. Is q prime?
False
Suppose 3*a = 2*b + 32, 4*a = 4*b + 27 + 13. Suppose 2*d = -3*n - 5 + a, 5*n - 16 = d. Suppose 2*q + 178 = 4*q + 2*f, -q - n*f = -97. Is q composite?
True
Let q = 6 - 6. Suppose q*b + 10 = -b. Let g(n) = n**3 + 12*n**2 + 5*n + 5. Is g(b) a prime number?
False
Is 75/3